 digit of 3998341?
3
What is the hundred thousands digit of 1704115?
7
What is the hundreds digit of 17517677?
6
What is the ten thousands digit of 96883?
9
What is the hundreds digit of 1181454?
4
What is the thousands digit of 2042399?
2
What is the thousands digit of 44449?
4
What is the tens digit of 212701?
0
What is the tens digit of 1460574?
7
What is the millions digit of 3138699?
3
What is the units digit of 757446?
6
What is the thousands digit of 511663?
1
What is the thousands digit of 450557?
0
What is the thousands digit of 256981?
6
What is the thousands digit of 2370923?
0
What is the tens digit of 13460001?
0
What is the ten thousands digit of 1779934?
7
What is the tens digit of 2234205?
0
What is the hundreds digit of 2397497?
4
What is the units digit of 640136?
6
What is the tens digit of 1121319?
1
What is the hundreds digit of 3566096?
0
What is the hundreds digit of 147234?
2
What is the hundreds digit of 2106546?
5
What is the ten thousands digit of 64310?
6
What is the hundred thousands digit of 4707972?
7
What is the hundred thousands digit of 3427476?
4
What is the millions digit of 1794923?
1
What is the hundred thousands digit of 4736939?
7
What is the thousands digit of 3161581?
1
What is the units digit of 293696?
6
What is the hundreds digit of 9831288?
2
What is the hundred thousands digit of 7821817?
8
What is the hundreds digit of 5531140?
1
What is the millions digit of 16412341?
6
What is the units digit of 336995?
5
What is the tens digit of 461606?
0
What is the units digit of 68160?
0
What is the hundred thousands digit of 504067?
5
What is the thousands digit of 217978?
7
What is the hundreds digit of 723264?
2
What is the millions digit of 8214008?
8
What is the ten millions digit of 31010238?
3
What is the thousands digit of 1352529?
2
What is the ten thousands digit of 376653?
7
What is the units digit of 258595?
5
What is the hundred thousands digit of 2494643?
4
What is the ten millions digit of 19321353?
1
What is the units digit of 150787?
7
What is the tens digit of 29290300?
0
What is the hundreds digit of 26877837?
8
What is the tens digit of 675620?
2
What is the hundreds digit of 819153?
1
What is the hundred thousands digit of 31104133?
1
What is the tens digit of 2130926?
2
What is the hundreds digit of 8113967?
9
What is the ten millions digit of 18878931?
1
What is the thousands digit of 98141?
8
What is the tens digit of 252492?
9
What is the units digit of 3468940?
0
What is the thousands digit of 241450?
1
What is the ten thousands digit of 21407870?
0
What is the tens digit of 12280418?
1
What is the ten thousands digit of 6243320?
4
What is the ten thousands digit of 2003956?
0
What is the hundreds digit of 15649479?
4
What is the hundred thousands digit of 5693690?
6
What is the tens digit of 11217?
1
What is the millions digit of 1080488?
1
What is the tens digit of 208495?
9
What is the thousands digit of 9189937?
9
What is the hundreds digit of 1757679?
6
What is the tens digit of 615089?
8
What is the thousands digit of 182928?
2
What is the units digit of 1819232?
2
What is the units digit of 7254589?
9
What is the thousands digit of 6076543?
6
What is the tens digit of 5076039?
3
What is the units digit of 434940?
0
What is the hundred thousands digit of 827174?
8
What is the hundred thousands digit of 5373589?
3
What is the thousands digit of 1931937?
1
What is the thousands digit of 141610?
1
What is the thousands digit of 23873230?
3
What is the hundred thousands digit of 171828?
1
What is the hundreds digit of 4560279?
2
What is the hundreds digit of 319321?
3
What is the units digit of 975101?
1
What is the tens digit of 11458478?
7
What is the hundreds digit of 1982167?
1
What is the hundred thousands digit of 8541703?
5
What is the millions digit of 24028453?
4
What is the units digit of 1329975?
5
What is the units digit of 1786287?
7
What is the units digit of 7891779?
9
What is the ten thousands digit of 765876?
6
What is the units digit of 67051?
1
What is the units digit of 548392?
2
What is the hundreds digit of 7843055?
0
What is the units digit of 79378?
8
What is the units digit of 14698836?
6
What is the hundred thousands digit of 539658?
5
What is the tens digit of 159503?
0
What is the ten millions digit of 10028969?
1
What is the units digit of 1021353?
3
What is the millions digit of 24495521?
4
What is the units digit of 33534193?
3
What is the ten thousands digit of 376658?
7
What is the units digit of 899170?
0
What is the units digit of 347358?
8
What is the thousands digit of 78393?
8
What is the units digit of 503060?
0
What is the hundred thousands digit of 498364?
4
What is the tens digit of 141379?
7
What is the units digit of 2746872?
2
What is the millions digit of 5293383?
5
What is the hundred thousands digit of 4007755?
0
What is the hundreds digit of 3423583?
5
What is the thousands digit of 210975?
0
What is the hundreds digit of 13537331?
3
What is the ten thousands digit of 1272446?
7
What is the millions digit of 19632562?
9
What is the tens digit of 50583?
8
What is the thousands digit of 25866525?
6
What is the units digit of 930741?
1
What is the hundred thousands digit of 11199420?
1
What is the hundred thousands digit of 501313?
5
What is the units digit of 8557091?
1
What is the millions digit of 15525302?
5
What is the hundreds digit of 2971258?
2
What is the hundred thousands digit of 266940?
2
What is the hundred thousands digit of 20149257?
1
What is the thousands digit of 1412720?
2
What is the hundreds digit of 4807630?
6
What is the millions digit of 4757523?
4
What is the tens digit of 137105?
0
What is the units digit of 7899?
9
What is the millions digit of 13922159?
3
What is the thousands digit of 123465?
3
What is the units digit of 2878868?
8
What is the hundreds digit of 7293672?
6
What is the ten thousands digit of 1631578?
3
What is the tens digit of 4903023?
2
What is the tens digit of 22371?
7
What is the hundreds digit of 14368811?
8
What is the tens digit of 116650?
5
What is the tens digit of 12956831?
3
What is the tens digit of 56652?
5
What is the units digit of 82490?
0
What is the hundreds digit of 16699?
6
What is the hundred thousands digit of 28605290?
6
What is the hundred thousands digit of 770859?
7
What is the hundreds digit of 400802?
8
What is the units digit of 1240708?
8
What is the hundred thousands digit of 21026890?
0
What is the millions digit of 2110412?
2
What is the hundred thousands digit of 6410255?
4
What is the hundreds digit of 498136?
1
What is the hundreds digit of 543597?
5
What is the hundreds digit of 994345?
3
What is the units digit of 5102580?
0
What is the tens digit of 411304?
0
What is the hundred thousands digit of 405519?
4
What is the hundred thousands digit of 835546?
8
What is the millions digit of 1248959?
1
What is the ten millions digit of 17464296?
1
What is the hundred thousands digit of 586228?
5
What is the hundreds digit of 14746334?
3
What is the hundreds digit of 71408?
4
What is the hundreds digit of 7160548?
5
What is the units digit of 277406?
6
What is the ten thousands digit of 239151?
3
What is the ten thousands digit of 1708209?
0
What is the hundreds digit of 30771?
7
What is the thousands digit of 50963?
0
What is the hundred thousands digit of 3752085?
7
What is the thousands digit of 2173985?
3
What is the tens digit of 393565?
6
What is the units digit of 3832218?
8
What is the hundreds digit of 23456833?
8
What is the hundreds digit of 918561?
5
What is the tens digit of 2775402?
0
What is the ten thousands digit of 13902339?
0
What is the units digit of 2537442?
2
What is the millions digit of 13800883?
3
What is the hundred thousands digit of 21715123?
7
What is the tens digit of 54303?
0
What is the thousands digit of 234200?
4
What is the hundred thousands digit of 16958033?
9
What is the ten millions digit of 18395738?
1
What is the units digit of 92347?
7
What is the units digit of 1123583?
3
What is the millions digit of 5145172?
5
What is the ten thousands digit of 1021925?
2
What is the thousands digit of 19623?
9
What is the hundred thousands digit of 10078879?
0
What is the hundred thousands digit of 284942?
2
What is the thou